)) + -2 + 2?
1
Calculate 2 + -10 - (-20 - -12).
0
What is the value of (2 - 5 - -2 - 4) + 3?
-2
What is the value of (1 - (4 + (-3 - -3))) + 0?
-3
Evaluate 26 + -20 - (3 - -8 - 3).
-2
Calculate -6 + (0 - -2 - (-6 + 5)).
-3
Calculate (-7 - -1) + (21 - 14).
1
What is the value of 7 + (-26 - -13 - -16)?
10
(-2 - -1) + (11 - (3 + 9))
-2
Evaluate (-1 - -4) + (6 - 5).
4
-4 - -1 - (-12 - (4 - 11))
2
Calculate 2 + (5 - (-4 + 8)) - 5.
-2
Calculate (0 - (0 + 5)) + -12 + 15.
-2
Evaluate 5 + -1 + (-6 - (0 + -3)).
1
What is (6 - 2) + -1 - -1?
4
Evaluate -17 - (-12 - 0) - (1 + -2).
-4
Calculate -1 + (10 - 12) - (-1 - 5).
3
-3 - -2 - (3 - 3)
-1
Evaluate -4 + 3 + (-5 - -2).
-4
Calculate -1 - (10 + (-4 - 9)).
2
What is -4 + (-4 + 4 - -1) + 1?
-2
What is 6 + -22 + (-7 + 1 - -13)?
-9
Evaluate -16 + 6 - (3 + -8).
-5
Evaluate 1 + -7 + 3 + 0.
-3
What is 5 + -13 + 8 + -3?
-3
What is (9 - (-4 + 6)) + -5?
2
What is the value of (-15 - -5) + 5 + 7?
2
Calculate -18 + 4 + (-6 - -12).
-8
Calculate (24 - 24) + (5 - 0).
5
What is 6 - (-3 - (-1 - (-3 - -15)))?
-4
53 + -51 - ((-3 - 0) + 1)
4
-7 - (1 - (2 - 0))
-6
What is -4 - -14 - (-3 - -20)?
-7
2 + 3 - (1 - -7)
-3
(-6 - -24) + -2 + -6
10
Evaluate -3 + 0 + 131 + -130.
-2
(2 + -9 - -3) + 3 + 6
5
What is the value of 6 + -2 + -2 - 5?
-3
Evaluate -3 - -6 - (-1 + 3) - 2.
-1
Evaluate (36 - 31) + -5 + 0.
0
What is the value of 6 - ((8 - 4) + -2)?
4
-73 - -68 - (0 + -6)
1
-11 + 6 + 3 + 0 + -4
-6
What is the value of 3 + (3 + (-6 - -4) - 2)?
2
Calculate (-4 + 9 + -11 - -11) + -8.
-3
Calculate -25 + 32 + (0 - 3).
4
What is the value of 3 + (-2 + 3 - 3)?
1
(21 + -5 - 1) + -9
6
-21 + -3 + 16 - -7
-1
9 + (-4 - (-2 + 7))
0
What is -2 + (0 - (2 + -4 + 3))?
-3
1 - 0 - (2 + -2)
1
(-2 - -4 - -2) + (7 - 4)
7
What is the value of 5 - ((4 - 9) + 4 - -5)?
1
Calculate -3 - (-6 - (5 + -5) - -1).
2
3 + 2 - (0 + 6)
-1
Calculate 6 - (1 - -1) - 6 - 3.
-5
What is (-21 - (-13 + -22)) + (-4 - 1)?
9
What is -8 - (-6 + 15 + -17)?
0
Evaluate 7 - 2 - (3 - 4 - 1).
7
What is the value of (-9 - (-15 - -2)) + -5?
-1
What is (7 - -2) + -10 - 6?
-7
What is -5 + -4 + 17 + -8?
0
0 - (-7 + (0 - -10))
-3
0 + (-2 - (3 + -7) - 5)
-3
-3 + (3 - 3) + -1 + 9
5
4 - 3 - (6 - 0)
-5
0 + (-15 - (-9 - 2))
-4
Calculate (1 - 0 - 4 - -1) + -4.
-6
Calculate 11 - (-6 + 18 + -3).
2
Evaluate (7 - 6) + 3 - (1 + 3).
0
Calculate -2 - (-1 - (2 + -5)).
-4
Evaluate 1 + -7 - (27 - 34) - -2.
3
Evaluate 5 - 8 - (1 + (7 - 5)).
-6
-2 + 2 - (-4 + -5 + 4)
5
Calculate 3 - (16 + 10 + -15).
-8
Calculate -1 + 12 - (5 + (4 - 3)).
5
Calculate 1 - (-2 + 4 + -4 + -2).
5
What is the value of -5 - (-44 + 38 - (1 - 7))?
-5
What is 15 + -11 - (-2 + 8 + -2)?
0
What is the value of (13 - 17) + 8 + -1?
3
Evaluate (0 - 8) + 0 + 3 - -5.
0
Calculate 3 + (-2 - (-1 - 2)) - 8.
-4
(2 - -1 - (1 - 1)) + -3
0
Evaluate (4 + -10 - -7) + -3.
-2
What is the value of -9 + 7 + -11 + 17?
4
Calculate 4 - (8 - (11 + -7)).
0
1 - -7 - (-4 - -10 - 1)
3
What is 3 + -1 + 9 - (-1 + 7)?
5
Calculate (-1 - 2 - -6) + -4.
-1
Calculate (8 - -2 - 9) + -4 + -3.
-6
What is the value of -2 - -2 - (-26 + 26)?
0
Evaluate 1 + (-2 + -4 + 0 - -3).
-2
Calculate (-36 - -31 - (0 + -1)) + 10.
6
9 + (-5 - (3 + -2 + -3))
6
What is (-1 - (-2 + 2)) + 1 + -1?
-1
Calculate -4 + -5 + 11 - -3.
5
Evaluate 1 + 0 - (24 + -28).
5
Evaluate 3 + -9 + 9 + 1 + 4.
8
What is -53 - -55 - (-1 - 0)?
3
1 - 0 - (19 + -35 - -11)
6
What is 0 + -9 + 2 + 2?
-5
Calculate 5 - (14 - (7 + 2)).
0
Calculate -18 + 39 + 2 + -14.
9
Evaluate -15 - (-6 + 9 + -16).
-2
Evaluate 10 + 3 - (23 + -13).
3
-3 - ((-17 - -17) + (-7 - 0))
4
What is the value of 10 + -47 + 50 + -8 + 1?
6
Evaluate 16 + -9 + 9 + -10.
6
Evaluate 9 - (-2 - (2 - 11)).
2
What is (-3 - -5 - -2) + -3 + -1?
0
-2 - -3 - 1 - -3
3
What is the value of 1 + 2 - (-1 + 8 - 2)?
-2
Calculate 24 + -33 - (0 - 8).
-1
What is the value of 7 + (-4 + -2 - -2) + 1?
4
-2 + 14 + -18 + 0
-6
What is ((11 - 3) + 1 - 7) + 6?
8
What is -3 + (-6 - -5) + 3 + 2?
1
What is (5 - (0 + 1)) + 14 + -13?
5
What is 7 + ((12 - 4) + -3 - 7)?
5
What is (-1 - -1) + (-2 - -4)?
2
Evaluate (-5 - -4) + -2 + 1.
-2
Calculate -6 + 1 + (-8 - -9).
-4
What is (3 - -2 - 4) + 1?
2
Evaluate -3 - (1 - (2 - 1)).
-3
What is the value of -7 + (12 - (-5 - -11) - 7)?
-8
What is -8 + -1 + -2 + 5 + 4?
-2
Calculate 0 + 1 + -5 + 1.
-3
Calculate 1 - (8 + 0 + -2).
-5
What is the value of (11 - (-5 - (1 - 10))) + -1?
6
What is 1 - (11 - 5) - -6 - 1?
0
Calculate -4 - (5 + -2 - 3).
-4
What is 25 + -35 - (2 - 7 - 0)?
-5
Evaluate 0 + 1 + (-1 - -1) - 6.
-5
-4 - (0 - (-3 - (6 - 6)))
-7
What is -8 + 3 - -5 - (3 - 3)?
0
29 + -32 - (-4 + 2)
-1
What is -9 + 2 + -4 + 9?
-2
-2 - (4 - 3) - (-6 - -2)
1
Calculate 6 - (16 + -5 + -5).
0
What is (-5 - 1 - -12) + -3?
3
Calculate (13 - (14 - -2)) + (-1 - 0).
-4
What is the value of 2 + -5 + 6 + -8?
-5
1 + 0 + (0 - 4)
-3
Calculate -4 - (-2 + 3 - (-3 + 5)).
-3
What is the value of 1 + (8 - 3) + -13 + 12?
5
Evaluate -15 - -10 - (-3 - -1).
-3
What is the value of -4 - (-2 + -8 + 5) - 1?
0
6 + -5 + 1 + 3 + -12
-7
What is -3 + (3 - 1) - 3?
-4
-12 + (23 - -2) + -12
1
(-2 - 7) + 6 + (-2 - -2)
-3
-16 + 1 + (12 + -2 - 4)
-9
What is the value of 2 + (0 - 1) + -9 + 9?
1
What is (-15 + -6 - (-13 - -5)) + 5?
-8
Calculate 0 + 11 - (63 + -52).
0
What is the value of 6 + ((-7 - -4) + 4 - 3)?
4
What is (-35 - -38) + (-1 - -2) + -11?
-7
Evaluate 0 + 1 + -1 - (12 - 8).
-4
What is 6 - 14 - (-2 - 3)?
-3
What is the value of 4 + -2 + (5 - 2) + -4?
1
(25 - 27) + 1 + -4
-5
What is -14 + (-10 - -8) + 10?
-6
3 + -1 + (-4 - -6)
4
Evaluate 6 + -5 + (-3 - 1 - 2).
-5
What is (-2 - -2) + -1 + 3?
2
Calculate 4 + -2 + 6 + -3 + 0.
5
What is the value of -1 + 1 - (-5 + 14 + -5)?
-4
What is the value of 0 + -1 + -6 + (1 - -2)?
-4
Evaluate (5 - (-5 + 5) - 6) + -4.
-5
Evaluate 0 - (5 + (-4 - -1)).
-2
-37 - -29 - (2 + (-2 - 1))
-7
What is the value of 2 + -3 + -3 - -6?
2
Calculate (-6 - (-3 + 3)) + 8.
2
What is the value of (-5 - -3 - 1) + 7?
4
3 + 0 + (-3 - -2)
2
What is the value of (1 - 1) + 0 + (7 - 4)?
3
Evaluate (-36 - -42 - (-1 + 5)) + -3.
-1
What is the value of 5 - 8 - (4 + -5)?
-2
What is 7 + -5 + -1 + 4?
5
Evaluate (-1 - 6) + (-67 - -79).
5
What is 0 + 4 + 1 + 0?
5
Calculate (1 - 9) + (20 - 19) - 3.
-10
What is the value of (1 + 7 - (0 - -2)) + 0?
6
Evaluate -1 + -5 + 4 + 1 + 2.
1
What is (4 - 0) + (-4 - 1)?
-1
Calculate -2 + 7 + -3 + 2.
4
Evaluate 4 + -2 + 1 + -2 - 5.
-4
Calculate -3 - (-7 - (-7 + 4)).
1
What is the value of 0 - (2 + (-3 - -5))?
-4
-11 + 8 + -12 + 8
-7
10 - 5 - (-1 + 9 - 3)
0
Calculate 3 + (4 - 5) + 2 + -2.
2
Evaluate -3 + 0 + -1 - -5.
1
Evaluate -5 - -12 - 5 - (0 + 3).
-1
Calculate -2 - (-5 + (-2 + 8 - 4)).
1
Evaluate (-4 - 1) + 1 - (-21 + 15).
2
Calculate (-4 + (-4 - -12) - 8) + 12.
8
11 + (-4 - 1) + -5
1
Evaluate -3 + (2 - (5 + 0)) + -1.
-7
Calculate (-7 - (-9 + 1)) + -7.
-6
What is the value of 0 - 7 - (-17 - -7)?
3
10 + -3 - (-9 - -10)
6
What is the value of 5 + 0 + -2 + -6?
-3
Calculate 7 - ((6 - -11) + -6).
-4
4 - 1 - (0 - 2 - -4)
1
Calculate -2 + 2 + -2 + 7 + -8.
-3
Calculate 1 + (3 - 6) - (-11 - -9).
0
Calculate -8 + (1 - -3) - -2.
-2
-3 + (4 + -2 - (7 + -1))
-7
What is the value of 1 - (1 + -4 + 6 + -1)?
-1
Evaluate (1 + 10 - 2) + -7.
2
Evaluate 4 + -5 - (3 + -3 + -6).
5
What is the value of (-1 - -3) + -9 + 2?
-5
Calculate 3 + (-5 - (3 + -2)).
-3
Evaluate 0 + -4 + 0 - -1.
-3
12 + (10 + -21 - -8)
9
Calculate 4 + 2 + (-5 - 2) + 1.
0
What is the value of 1 + 1 - (-8 + -19 + 30)?
-1
Calculate 6 + -7 - -3 - (-7 + 10).
-1
-11 - 1 - (80 - 82)
-10
What is 2 + -2 + 4 - 9 - -12?
7
Evaluate 17 - ((-66 - -71) + 1 + 2).
9
What is -3 + 1 + (1 - 4) + 3?
-2
What is -2 - (1 + -4 + 6)?
-5
What is (-12 + -3 - -7) + 3?
-5
Evaluate 3 - 0 - (12 + -2 + -6).
-1
Calculate (4 + -4 - (0 - 0)) + -3.
-3
0 + 1 - 2 - (5 - 5)
-1
What is (-1 + -3 - -2 - 0) + -1?
-3
Calculate (6 - -1 - 16) + 3.
-6
-2 + -1 - (2 - (4 - 1))
-2
Calculate 5 + 2 - (-37 + 42).
2
What is (3 - 10) + 14 + -14?
-7
Calculate 4 + 0 + (-4 - 3) + 3.
0
-9 - (9 + (-12 - 7))
1
(6 - (-6 - -9) - -2) + -7
-2
What is (-3 - 1) + (-12 - -13) + 0?
-3
Evaluate 5 + -7 + 7 - 12.
-7
Evaluate -3 - (-1 + (2 - 4)).
0
What is 7 + (-2 - 3) - (-2 - -2)?
2
Evaluate -12 - -1 - 1 - -7.
-5
What is the value of 11 + -8 + 2 - (0 - -1)?
4
Evaluate -8 